{"version":"1.0","provider_name":"Ohme EV France","provider_url":"https:\/\/ohme-ev.com\/fr","author_name":"natbarnesohme","author_url":"https:\/\/ohme-ev.com\/fr\/blog\/author\/natbarnesohme\/","title":"Le chargeur Ohme ePod S est disponible chez YESSS Electrique","type":"rich","width":600,"height":338,"html":"<blockquote class=\"wp-embedded-content\" data-secret=\"8JTaQfc2jG\"><a href=\"https:\/\/ohme-ev.com\/fr\/espace-presse\/ohme-yesss-electrique\/\">Le chargeur Ohme ePod S est disponible chez YESSS Electrique<\/a><\/blockquote><iframe sandbox=\"allow-scripts\" security=\"restricted\" src=\"https:\/\/ohme-ev.com\/fr\/espace-presse\/ohme-yesss-electrique\/embed\/#?secret=8JTaQfc2jG\" width=\"600\" height=\"338\" title=\"&#8220;Le chargeur Ohme ePod S est disponible chez YESSS Electrique&#8221; &#8212; Ohme EV France\" data-secret=\"8JTaQfc2jG\" frameborder=\"0\" marginwidth=\"0\" marginheight=\"0\" scrolling=\"no\" class=\"wp-embedded-content\"><\/iframe><script type=\"text\/javascript\">\n\/* <![CDATA[ *\/\n\/*! This file is auto-generated *\/\n!function(d,l){\"use strict\";l.querySelector&&d.addEventListener&&\"undefined\"!=typeof URL&&(d.wp=d.wp||{},d.wp.receiveEmbedMessage||(d.wp.receiveEmbedMessage=function(e){var t=e.data;if((t||t.secret||t.message||t.value)&&!\/[^a-zA-Z0-9]\/.test(t.secret)){for(var s,r,n,a=l.querySelectorAll('iframe[data-secret=\"'+t.secret+'\"]'),o=l.querySelectorAll('blockquote[data-secret=\"'+t.secret+'\"]'),c=new RegExp(\"^https?:$\",\"i\"),i=0;i<o.length;i++)o[i].style.display=\"none\";for(i=0;i<a.length;i++)s=a[i],e.source===s.contentWindow&&(s.removeAttribute(\"style\"),\"height\"===t.message?(1e3<(r=parseInt(t.value,10))?r=1e3:~~r<200&&(r=200),s.height=r):\"link\"===t.message&&(r=new URL(s.getAttribute(\"src\")),n=new URL(t.value),c.test(n.protocol))&&n.host===r.host&&l.activeElement===s&&(d.top.location.href=t.value))}},d.addEventListener(\"message\",d.wp.receiveEmbedMessage,!1),l.addEventListener(\"DOMContentLoaded\",function(){for(var e,t,s=l.querySelectorAll(\"iframe.wp-embedded-content\"),r=0;r<s.length;r++)(t=(e=s[r]).getAttribute(\"data-secret\"))||(t=Math.random().toString(36).substring(2,12),e.src+=\"#?secret=\"+t,e.setAttribute(\"data-secret\",t)),e.contentWindow.postMessage({message:\"ready\",secret:t},\"*\")},!1)))}(window,document);\n\/\/# sourceURL=https:\/\/ohme-ev.com\/fr\/wp-includes\/js\/wp-embed.min.js\n\/* ]]> *\/\n<\/script>\n","thumbnail_url":"https:\/\/ohme-ev.com\/fr\/wp-content\/uploads\/sites\/9\/2024\/05\/Ohme_Nov_NatHouse_348.jpg","thumbnail_width":1440,"thumbnail_height":966,"description":"Apr\u00e8s son arriv\u00e9e r\u00e9cente sur le march\u00e9 fran\u00e7ais, Ohme annonce avoir conclu un accord de distribution avec le r\u00e9seau YESSS Electrique pour la commercialisation de sa borne de recharge intelligente ePod S"}

Après son arrivée récente sur le marché français, Ohme annonce avoir conclu un accord de distribution avec le réseau YESSS Electrique pour la commercialisation de sa borne de recharge intelligente ePod S
